 is 224ad - -e5?
22592
In base 2, what is 1001011101100110101101011 - -10110?
1001011101100110110000001
In base 3, what is 2000100110102210 + 12?
2000100110102222
In base 12, what is a + -110696?
-110688
In base 16, what is -fb5c + 6a?
-faf2
In base 7, what is 361 - -365152?
365543
In base 3, what is 110021002210112 + -1?
110021002210111
In base 7, what is 336266452 + 3?
336266455
In base 2, what is 1110101111011110011110000 + 100?
1110101111011110011110100
In base 2, what is -1011001111100101111011 + 10001110?
-1011001111100011101101
In base 16, what is 5 - -262da31?
262da36
In base 5, what is -2234 - -33111144?
33103410
In base 11, what is -4 + -33640998?
-336409a1
In base 10, what is -431540 + -1455?
-432995
In base 13, what is -626 - 576b?
-6094
In base 9, what is -178017015 - 0?
-178017015
In base 8, what is 155672 - 63?
155607
In base 5, what is -41 + 1010232201?
1010232110
In base 11, what is -5 + 334425?
334420
In base 5, what is 2312203 - -3004?
2320212
In base 11, what is -680 - -7665?
6a95
In base 2, what is 1111011101100110001100101 + -1?
1111011101100110001100100
In base 6, what is -345334 - -535?
-344355
In base 5, what is -10 + 33244200344?
33244200334
In base 13, what is 48 - 8032?
-7cb7
In base 5, what is 232021211020 + 0?
232021211020
In base 13, what is -96651 - -77?
-965a7
In base 13, what is -2a86 - -149c1?
11c38
In base 4, what is -3020321221 + -3?
-3020321230
In base 14, what is -37576843 + 2?
-37576841
In base 10, what is 14202 - -4743?
18945
In base 8, what is -3 - 325114117?
-325114122
In base 8, what is 123305 + -2261?
121024
In base 12, what is a3 - 63a50?
-63969
In base 13, what is -84 + 17444a?
174396
In base 15, what is e7 - -56d1?
57c8
In base 3, what is -10012110 + 102012022?
21222212
In base 5, what is -24343024132 - 2?
-24343024134
In base 6, what is 1314 + -105015143?
-105013425
In base 3, what is -1221122012 + -201211?
-1222101000
In base 8, what is -2676045 - -113?
-2675732
In base 5, what is -103224 + 24032?
-24142
In base 12, what is -1 + -1b92781?
-1b92782
In base 4, what is 110203102021 + 31?
110203102112
In base 12, what is 495326 - -3?
495329
In base 5, what is 1100134041 + -104?
1100133432
In base 4, what is 10200213303 - -31?
10200220000
In base 14, what is -ad3 + 284a8?
277b5
In base 3, what is -110012200211021 - 1?
-110012200211022
In base 11, what is -3 + 31a7422?
31a741a
In base 13, what is 37c5964 - -1?
37c5965
In base 9, what is -3410 + 221066?
216556
In base 5, what is -1012 + -11303042?
-11304104
In base 9, what is -453 - 3321?
-3774
In base 8, what is -256406615 + -12?
-256406627
In base 14, what is -249c2a69 + -4?
-249c2a6d
In base 11, what is 2 + 3446a95?
3446a97
In base 8, what is -565 - -4733?
4146
In base 7, what is -5444 + 6542?
1065
In base 2, what is -10 + 10011000011001011011001011?
10011000011001011011001001
In base 4, what is -321010203 + -131111?
-321201320
In base 14, what is -186068c - -3?
-1860689
In base 9, what is -4 + 427415506?
427415502
In base 13, what is 74235 - -6c?
742a4
In base 13, what is 3ab82 + 8a2?
3b754
In base 2, what is -10 + -100000110111001000110100?
-100000110111001000110110
In base 12, what is 8 + -7733aa?
-7733a2
In base 16, what is -3f10c1 - -3?
-3f10be
In base 5, what is 10110 + 110232044?
110242204
In base 4, what is 2 + -20301310302?
-20301310300
In base 2, what is -10010000110 + -100111000110?
-111001001100
In base 11, what is 16 + 903982?
903998
In base 3, what is -1002000020020 + -1101?
-1002000021121
In base 11, what is 6588325 + 1a?
6588344
In base 3, what is 2 + 2101012202202?
2101012202211
In base 3, what is -1011220201 + 1221202221?
202212020
In base 13, what is 288 - -2c86?
3241
In base 15, what is a - -c50cc?
c50d7
In base 10, what is -8552 + 4?
-8548
In base 6, what is -3 - -254510451?
254510444
In base 12, what is -1b0 - 73177?
-73367
In base 15, what is 38bd1 - 50c?
386c4
In base 16, what is -1921fde + 1?
-1921fdd
In base 13, what is c20020 - c?
c20011
In base 8, what is 401674 - 51?
401623
In base 14, what is 2056 - -6b84b?
6d8a3
In base 12, what is 1 + a69b0?
a69b1
In base 14, what is -1 - 5bd096?
-5bd097
In base 15, what is -c7 + -b102?
-b1c9
In base 15, what is -2 + 59bbc3?
59bbc1
In base 3, what is -112100211020 - -10?
-112100211010
In base 5, what is -403112313 + 24?
-403112234
In base 8, what is 3 + 62050276?
62050301
In base 3, what is 10022221021202211 - -201?
10022221021210112
In base 8, what is 152401 - 3015?
147364
In base 13, what is 1b6 - -972252?
972438
In base 10, what is 72 + -2711261?
-2711189
In base 3, what is -121 + 10010220221001112?
10010220221000221
In base 13, what is -29 + -b1308?
-b1334
In base 12, what is -11484388 + -4?
-11484390
In base 2, what is -101 - -11111010110101111011?
11111010110101110110
In base 6, what is -13532443003 + 3?
-13532443000
In base 14, what is -14a99 + -22a4?
-16d5d
In base 12, what is -3349783 - 1?
-3349784
In base 5, what is 3 - -240142420?
240142423
In base 9, what is 653181481 - 4?
653181476
In base 5, what is 13113 + 100322000?
100340113
In base 11, what is -28 + -1490774?
-14907a1
In base 9, what is 3527286 - 41?
3527245
In base 11, what is -4 + 92540103?
925400aa
In base 3, what is -12 + -11121212110102?
-11121212110121
In base 5, what is 4 - -1300002004?
1300002013
In base 8, what is -4 - -2015376?
2015372
In base 11, what is -9169483 + 1?
-9169482
In base 13, what is -3 + -c49a7?
-c49aa
In base 9, what is -45376 - -1034?
-44342
In base 12, what is -b466376 - 4?
-b46637a
In base 14, what is 179 + -1300?
-1165
In base 13, what is -132a83c + 5?
-132a837
In base 12, what is 0 - 224456?
-224456
In base 9, what is 71426 + -2416?
68010
In base 16, what is 27ca08 + -9?
27c9ff
In base 11, what is -12459 + -1176?
-13624
In base 8, what is 177 + 1656376?
1656575
In base 15, what is -5d587 - 4eb?
-5da83
In base 6, what is 300322 - -5141?
305503
In base 4, what is -3 + -3001312333331?
-3001313000000
In base 4, what is 100020111 - -11203?
100031320
In base 5, what is -4000 + -14104132?
-14113132
In base 9, what is 222636 + 103?
222740
In base 15, what is -b9454e9 + 3?
-b9454e6
In base 10, what is -228833416 - -2?
-228833414
In base 11, what is -3 - 62955617?
-6295561a
In base 4, what is -310013203221 + -1?
-310013203222
In base 15, what is bdddea0 - -2?
bdddea2
In base 12, what is 14 + 36625a?
366272
In base 2, what is 1010101101100001001011010 - 1100?
1010101101100001001001110
In base 11, what is -19063074 + -12?
-19063086
In base 4, what is -133100331331222 + 3?
-133100331331213
In base 10, what is -13166091 + 17?
-13166074
In base 11, what is 165 - -1a420?
1a585
In base 4, what is 200110220 - -2310?
200113130
In base 15, what is -244ca + -94?
-2456e
In base 4, what is -20010112 + 1023?
-20003023
In base 11, what is 1759 - 2009?
-360
In base 12, what is -130306 + 12?
-1302b4
In base 14, what is -1 + -dbd63c?
-dbd63d
In base 13, what is -2 - -52377553?
52377551
In base 3, what is -111001 + 11210022?
11022021
In base 5, what is 0 - -41441032123?
41441032123
In base 10, what is -16066973 - 0?
-16066973
In base 6, what is -4120125 - 14?
-4120143
In base 4, what is -13233320122 - -102?
-13233320020
In base 6, what is -442101 - 32022?
-514123
In base 8, what is -12142573 + -32?
-12142625
In base 14, what is 59a30a9 - 1?
59a30a8
In base 6, what is -2 + -3040040210?
-3040040212
In base 12, what is 286 - -4141?
4407
In base 6, what is -22515325521 + -2?
-22515325523
In base 4, what is -200102110113 - 1?
-200102110120
In base 5, what is -21 - 240400?
-240421
In base 9, what is -1060 - 23466?
-24536
In base 15, what is -145d5c - 74?
-145dd1
In base 15, what is -5 + 2d3ad7?
2d3ad2
In base 11, what is -3a0894 - -49a?
-3a03a5
In base 9, what is -5757003 + 4?
-5756888
In base 3, what is 2210222200010202 - 0?
2210222200010202
In base 12, what is 5a9616 + -1?
5a9615
In base 12, what is 4b55 + 242?
5197
In base 9, what is 1 + 165262035?
165262036
In base 7, what is 336 + 414401?
415040
In base 3, what is 2 + 21000020200212?
21000020200221
In base 14, what is 3b38691 - 14?
3b3867b
In base 3, what is 12211 - -222120201110?
222120221021
In base 12, what is 2078 + b290?
11348
In base 3, what is -10200000001120 - 101?
-10200000001221
In base 11, what is -2 + -186a702?
-186a704
In base 16, what is -9 + 25f